{"id":33,"date":"2014-10-11T18:08:24","date_gmt":"2014-10-11T16:08:24","guid":{"rendered":"http:\/\/sm-ryf.rybnik.pl\/?page_id=33"},"modified":"2025-06-11T12:38:13","modified_gmt":"2025-06-11T10:38:13","slug":"o-nas","status":"publish","type":"page","link":"https:\/\/sm-ryf.rybnik.pl\/?page_id=33","title":{"rendered":"O nas"},"content":{"rendered":"<p><strong>Informacje<\/strong><\/p>\n<p>Sp\u00f3\u0142dzielnia Mieszkaniowa &#8222;Ryf&#8221; zosta\u0142a za\u0142o\u017cona przez pracownik\u00f3w Rybnickiej Fabryki Maszyn &#8222;Ryfama&#8221; S.A. z siedzib\u0105 w Rybniku na bazie przej\u0119tych od fabryki mieszka\u0144 zak\u0142adowych. Wszystkie budynki s\u0105 zlokalizowane wok\u00f3\u0142 centrum miasta.Sp\u00f3\u0142dzielnia rozpocz\u0119\u0142a swoj\u0105 dzia\u0142alno\u015b\u0107 w1997 roku, jest wi\u0119c jedn\u0105 z najm\u0142odszych i zarazem najmniejsz\u0105 sp\u00f3\u0142dzielni\u0105 mieszkaniow\u0105 na terenie Rybnika. Sp\u00f3\u0142dzielnia administruje 317 lokalami mieszkalnymi, mieszcz\u0105cymi si\u0119 w budynkach przy ulicy Chrobrego, Ko\u015bciuszki, Marokan\u00f3w, Jankowickiej i Reymonta.<\/p>\n<p><strong>Organy Sp\u00f3\u0142dzielni<\/strong><\/p>\n<p><strong>Walne Zgromadzenie Cz\u0142onk\u00f3w Sp\u00f3\u0142dzielni<\/strong><\/p>\n<p><strong>Rada Nadzorcza:<\/strong><br \/>\nPrzewodnicz\u0105cy RN \u2013\u00a0Kazimierz Tomas<br \/>\nZ-ca Przewodnicz\u0105cego RN \u2013 Teresa Cyc<br \/>\nSekretarz RN \u2013 Andrzej Sieczkowski<br \/>\nCz\u0142onek RN \u2013\u00a0 Czes\u0142awa K\u0119dziora<br \/>\nCz\u0142onek RN \u2013\u00a0 \u0141ukasz Filar<\/p>\n<p><strong>Zarz\u0105d:<\/strong><br \/>\nPrezes Zarz\u0105du \u2013 mgr in\u017c. Ma\u0142gorzata Kiwior<br \/>\nV-ce Prezes Zarz\u0105du \u2013 mgr in\u017c. Tomasz Dzionek<\/p>\n<p>Z cz\u0142onkami Zarz\u0105du mo\u017cna si\u0119 um\u00f3wi\u0107 i kontaktowa\u0107 pod numerem telefonu\u00a0 tj. 32\u00a0423 75 22.<\/p>\n<p><strong>Kadencje Rady Nadzorczej<\/strong><\/p>\n<p>W latach 2022-2025 Rada Nadzorcza X kadencji dzia\u0142a\u0142a w sk\u0142adzie:<\/p>\n<p>1. Kazimierz Tomas &#8211; przewodnicz\u0105cy<br \/>\n2. Jan Pawelski &#8211; z-ca przewodnicz\u0105cego<br \/>\n3. Piotr Kasprzyk &#8211; sekretarz<br \/>\n4. Barbara Dardzi\u0144ska<br \/>\n5. Czes\u0142awa K\u0119dziora<\/p>\n<p>W latach 2018-2022 Rada Nadzorcza IX kadencji dzia\u0142a\u0142a w sk\u0142adzie:<\/p>\n<p>1.\u00a0Andrzej Sieczkowski &#8211; przewodnicz\u0105cy<\/p>\n<p>2.\u00a0Teresa Cyc -z-ca przewodnicz\u0105cego<\/p>\n<p>3.\u00a0Jan Pawelski &#8211; sekretarz<\/p>\n<p>4.\u00a0Barbara Dardzi\u0144ska<\/p>\n<p>5.\u00a0Piotr Kasprzyk<\/p>\n<p>W latach 2015-2018 Rada Nadzorcza VIII kadencji dzia\u0142a\u0142a w sk\u0142adzie:<\/p>\n<p>1.\u00a0 Andrzej Sieczkowski &#8211; przewodnicz\u0105cy<br \/>\n2. Stanis\u0142aw Kulik &#8211; z-ca przewodnicz\u0105cego<br \/>\n3. Jerzy Bielas &#8211; sekretarz<br \/>\n4. Teresa Cyc<br \/>\n5. Gra\u017cyna Gatnar<\/p>\n<p>W latach 2012- 2015 Rada Nadzorcza VII kadencji dzia\u0142a\u0142a w sk\u0142adzie:<br \/>\n1. Kazimierz Tomas \u2013 przewodnicz\u0105cy<br \/>\n2. Jan Pawelski \u2013 z-ca przewodnicz\u0105cego<br \/>\n3. Joanna Jasik \u2013 sekretarz<br \/>\n4. Jerzy Bielas<br \/>\n5. Stanis\u0142aw Kulik<\/p>\n<p>W latach 2009-2012 Rada Nadzorcza VI kadencji dzia\u0142a\u0142a w sk\u0142adzie:<br \/>\n1. Stefan Jureczek \u2013 przewodnicz\u0105cy<br \/>\n2. Janusz Olek \u2013 z-ca przewodnicz\u0105cego<br \/>\n3. Teresa Cyc \u2013 sekretarz<br \/>\n4. Tadeusz Adamowicz<br \/>\n5. Wojciech Pawela \/ Kazimierz Tomas<\/p>\n<p>W latach 2006-2009 Rada Nadzorcza V kadencji dzia\u0142a\u0142a w sk\u0142adzie:<br \/>\n1. Kazimierz Tomas \u2013 przewodnicz\u0105cy<br \/>\n2. Stefan Jureczek \u2013 z-ca przewodnicz\u0105cego<br \/>\n3. Adam Ros\u00f3\u0142 \u2013 sekretarz<br \/>\n4. Jerzy Bielas<br \/>\n5. Tadeusz Adamowicz<\/p>\n<p>W latach 2003-2006 Rada Nadzorcza IV kadencji dzia\u0142a\u0142a w sk\u0142adzie:<br \/>\n1. Janusz Konsek \u2013 przewodnicz\u0105cy<br \/>\n2. Tadeusz Ja\u015bkiewicz \u2013 z-ca przewodnicz\u0105cego<br \/>\n3. Adam Ros\u00f3\u0142 \u2013 sekretarz<br \/>\n4. Zygmunt Slima<br \/>\n5. Jan Meszko<\/p>\n<p>W latach 2000-2003 Rada Nadzorcza III kadencji dzia\u0142a\u0142a w sk\u0142adzie:<br \/>\n1. Kazimierz Tomas \u2013 przewodnicz\u0105cy<br \/>\n2. Stanis\u0142aw Gerus \u2013 z-ca przewodnicz\u0105cego<br \/>\n3. Wanda Gros \u2013 sekretarz<br \/>\n4. Tadeusz Adamowicz<br \/>\n5. Janusz Konsek<br \/>\n6. Mieczys\u0142aw Mogielski<br \/>\n7. Antoni Piercha\u0142a<br \/>\n8. Edward Remisz<br \/>\n9. Bernard Somerlik<\/p>\n<p>Od pa\u017adziernika 1997r &#8211; 2000 Rada Nadzorcza II kadencji dzia\u0142a\u0142a w sk\u0142adzie:<br \/>\n1. Piotr Ole\u015b \u2013 przewodnicz\u0105cy<br \/>\n2. Antoni Piercha\u0142a \u2013 z-ca przewodnicz\u0105cego<br \/>\n3. Wanda Gros \u2013 sekretarz<br \/>\n4. Tadeusz Adamowicz<br \/>\n5. Jerzy Grolik<br \/>\n6. Bernard Somerlik<br \/>\n7. Mieczys\u0142aw Mogielski<br \/>\n8. Stanis\u0142aw Gerus<br \/>\n9. Kazimierz Tomas<\/p>\n<p>W 1997r Rada Nadzorcza I kadencji dzia\u0142a\u0142a w sk\u0142adzie:<br \/>\n1. Izydor Stochmal \u2013 przewodnicz\u0105cy<br \/>\n2. Gerard Witkowski \u2013 z-ca przewodnicz\u0105cego<br \/>\n3. Ireneusz Pychy\u0144ski \u2013 sekretarz<br \/>\n4. Piotr Schinske<br \/>\n5. Edward Remisz<br \/>\n6. Bernard Somerlik<br \/>\n7. Stanis\u0142aw Gerus<br \/>\n8. Andrzej Szostecki<br \/>\n9. Adam Ros\u00f3\u0142<\/p>\n<p><strong>Sk\u0142ad osobowy Zarz\u0105du w minionych latach<\/strong><\/p>\n<p>Od 1 czerwca do 31 lipca 2013r Zarz\u0105d dzia\u0142a\u0142 w sk\u0142adzie:<br \/>\nmgr in\u017c. Ma\u0142gorzata Kiwior \u2013 Prezes Zarz\u0105du<br \/>\nmgr in\u017c. Nina Kocyan \u2013 V-ce Prezes Zarz\u0105du,<\/p>\n<p>Od 01 sierpnia 2005r Zarz\u0105d by\u0142 w sk\u0142adzie:<br \/>\nHenryk Piasecki \u2013 Prezes Zarz\u0105du<br \/>\nmgr Stanis\u0142aw Jaszczuk \u2013 V-ce Prezes Zarz\u0105du<\/p>\n<p>Od pa\u017adziernika 1997r Zarz\u0105d pracowa\u0142 w sk\u0142adzie:<br \/>\nin\u017c. Izydor Stochmal \u2013 Prezes Zarz\u0105du<br \/>\nHenryk Piasecki \u2013 V-ce Prezes Zarz\u0105du<\/p>\n<p>Pierwszy Zarz\u0105d SM \u201eRYF\u201d dzia\u0142a\u0142 w sk\u0142adzie:<br \/>\nHenryk Piasecki \u2013 Prezes Zarz\u0105du<br \/>\nmgr Stanis\u0142aw Jaszczuk \u2013 V-ce Prezes Zarz\u0105du<\/p>\n","protected":false},"excerpt":{"rendered":"<p>Informacje Sp\u00f3\u0142dzielnia Mieszkaniowa &#8222;Ryf&#8221; zosta\u0142a za\u0142o\u017cona przez pracownik\u00f3w Rybnickiej Fabryki Maszyn &#8222;Ryfama&#8221; S.A. z siedzib\u0105 w Rybniku na bazie przej\u0119tych od fabryki mieszka\u0144 zak\u0142adowych. Wszystkie budynki s\u0105 zlokalizowane wok\u00f3\u0142 centrum miasta.Sp\u00f3\u0142dzielnia rozpocz\u0119\u0142a swoj\u0105 dzia\u0142alno\u015b\u0107 w1997 roku, jest wi\u0119c jedn\u0105 z najm\u0142odszych i zarazem najmniejsz\u0105 sp\u00f3\u0142dzielni\u0105 mieszkaniow\u0105 na terenie Rybnika. Sp\u00f3\u0142dzielnia administruje 317 lokalami mieszkalnymi, mieszcz\u0105cymi [&hellip;]<\/p>\n","protected":false},"author":1,"featured_media":26,"parent":0,"menu_order":0,"comment_status":"open","ping_status":"open","template":"","meta":{"footnotes":""},"class_list":["post-33","page","type-page","status-publish","has-post-thumbnail","hentry"],"_links":{"self":[{"href":"https:\/\/sm-ryf.rybnik.pl\/index.php?rest_route=\/wp\/v2\/pages\/33","targetHints":{"allow":["GET"]}}],"collection":[{"href":"https:\/\/sm-ryf.rybnik.pl\/index.php?rest_route=\/wp\/v2\/pages"}],"about":[{"href":"https:\/\/sm-ryf.rybnik.pl\/index.php?rest_route=\/wp\/v2\/types\/page"}],"author":[{"embeddable":true,"href":"https:\/\/sm-ryf.rybnik.pl\/index.php?rest_route=\/wp\/v2\/users\/1"}],"replies":[{"embeddable":true,"href":"https:\/\/sm-ryf.rybnik.pl\/index.php?rest_route=%2Fwp%2Fv2%2Fcomments&post=33"}],"version-history":[{"count":10,"href":"https:\/\/sm-ryf.rybnik.pl\/index.php?rest_route=\/wp\/v2\/pages\/33\/revisions"}],"predecessor-version":[{"id":570,"href":"https:\/\/sm-ryf.rybnik.pl\/index.php?rest_route=\/wp\/v2\/pages\/33\/revisions\/570"}],"wp:featuredmedia":[{"embeddable":true,"href":"https:\/\/sm-ryf.rybnik.pl\/index.php?rest_route=\/wp\/v2\/media\/26"}],"wp:attachment":[{"href":"https:\/\/sm-ryf.rybnik.pl\/index.php?rest_route=%2Fwp%2Fv2%2Fmedia&parent=33"}],"curies":[{"name":"wp","href":"https:\/\/api.w.org\/{rel}","templated":true}]}}

<p><strong>Informacje</strong></p>
<p>Spółdzielnia Mieszkaniowa &#8222;Ryf&#8221; została założona przez pracowników Rybnickiej Fabryki Maszyn &#8222;Ryfama&#8221; S.A. z siedzibą w Rybniku na bazie przejętych od fabryki mieszkań zakładowych. Wszystkie budynki są zlokalizowane wokół centrum miasta.Spółdzielnia rozpoczęła swoją działalność w1997 roku, jest więc jedną z najmłodszych i zarazem najmniejszą spółdzielnią mieszkaniową na terenie Rybnika. Spółdzielnia administruje 317 lokalami mieszkalnymi, mieszczącymi się w budynkach przy ulicy Chrobrego, Kościuszki, Marokanów, Jankowickiej i Reymonta.</p>
<p><strong>Organy Spółdzielni</strong></p>
<p><strong>Walne Zgromadzenie Członków Spółdzielni</strong></p>
<p><strong>Rada Nadzorcza:</strong><br />
Przewodniczący RN – Kazimierz Tomas<br />
Z-ca Przewodniczącego RN – Teresa Cyc<br />
Sekretarz RN – Andrzej Sieczkowski<br />
Członek RN –  Czesława Kędziora<br />
Członek RN –  Łukasz Filar</p>
<p><strong>Zarząd:</strong><br />
Prezes Zarządu – mgr inż. Małgorzata Kiwior<br />
V-ce Prezes Zarządu – mgr inż. Tomasz Dzionek</p>
<p>Z członkami Zarządu można się umówić i kontaktować pod numerem telefonu  tj. 32 423 75 22.</p>
<p><strong>Kadencje Rady Nadzorczej</strong></p>
<p>W latach 2022-2025 Rada Nadzorcza X kadencji działała w składzie:</p>
<p>1. Kazimierz Tomas &#8211; przewodniczący<br />
2. Jan Pawelski &#8211; z-ca przewodniczącego<br />
3. Piotr Kasprzyk &#8211; sekretarz<br />
4. Barbara Dardzińska<br />
5. Czesława Kędziora</p>
<p>W latach 2018-2022 Rada Nadzorcza IX kadencji działała w składzie:</p>
<p>1. Andrzej Sieczkowski &#8211; przewodniczący</p>
<p>2. Teresa Cyc -z-ca przewodniczącego</p>
<p>3. Jan Pawelski &#8211; sekretarz</p>
<p>4. Barbara Dardzińska</p>
<p>5. Piotr Kasprzyk</p>
<p>W latach 2015-2018 Rada Nadzorcza VIII kadencji działała w składzie:</p>
<p>1.  Andrzej Sieczkowski &#8211; przewodniczący<br />
2. Stanisław Kulik &#8211; z-ca przewodniczącego<br />
3. Jerzy Bielas &#8211; sekretarz<br />
4. Teresa Cyc<br />
5. Grażyna Gatnar</p>
<p>W latach 2012- 2015 Rada Nadzorcza VII kadencji działała w składzie:<br />
1. Kazimierz Tomas – przewodniczący<br />
2. Jan Pawelski – z-ca przewodniczącego<br />
3. Joanna Jasik – sekretarz<br />
4. Jerzy Bielas<br />
5. Stanisław Kulik</p>
<p>W latach 2009-2012 Rada Nadzorcza VI kadencji działała w składzie:<br />
1. Stefan Jureczek – przewodniczący<br />
2. Janusz Olek – z-ca przewodniczącego<br />
3. Teresa Cyc – sekretarz<br />
4. Tadeusz Adamowicz<br />
5. Wojciech Pawela / Kazimierz Tomas</p>
<p>W latach 2006-2009 Rada Nadzorcza V kadencji działała w składzie:<br />
1. Kazimierz Tomas – przewodniczący<br />
2. Stefan Jureczek – z-ca przewodniczącego<br />
3. Adam Rosół – sekretarz<br />
4. Jerzy Bielas<br />
5. Tadeusz Adamowicz</p>
<p>W latach 2003-2006 Rada Nadzorcza IV kadencji działała w składzie:<br />
1. Janusz Konsek – przewodniczący<br />
2. Tadeusz Jaśkiewicz – z-ca przewodniczącego<br />
3. Adam Rosół – sekretarz<br />
4. Zygmunt Slima<br />
5. Jan Meszko</p>
<p>W latach 2000-2003 Rada Nadzorcza III kadencji działała w składzie:<br />
1. Kazimierz Tomas – przewodniczący<br />
2. Stanisław Gerus – z-ca przewodniczącego<br />
3. Wanda Gros – sekretarz<br />
4. Tadeusz Adamowicz<br />
5. Janusz Konsek<br />
6. Mieczysław Mogielski<br />
7. Antoni Pierchała<br />
8. Edward Remisz<br />
9. Bernard Somerlik</p>
<p>Od października 1997r &#8211; 2000 Rada Nadzorcza II kadencji działała w składzie:<br />
1. Piotr Oleś – przewodniczący<br />
2. Antoni Pierchała – z-ca przewodniczącego<br />
3. Wanda Gros – sekretarz<br />
4. Tadeusz Adamowicz<br />
5. Jerzy Grolik<br />
6. Bernard Somerlik<br />
7. Mieczysław Mogielski<br />
8. Stanisław Gerus<br />
9. Kazimierz Tomas</p>
<p>W 1997r Rada Nadzorcza I kadencji działała w składzie:<br />
1. Izydor Stochmal – przewodniczący<br />
2. Gerard Witkowski – z-ca przewodniczącego<br />
3. Ireneusz Pychyński – sekretarz<br />
4. Piotr Schinske<br />
5. Edward Remisz<br />
6. Bernard Somerlik<br />
7. Stanisław Gerus<br />
8. Andrzej Szostecki<br />
9. Adam Rosół</p>
<p><strong>Skład osobowy Zarządu w minionych latach</strong></p>
<p>Od 1 czerwca do 31 lipca 2013r Zarząd działał w składzie:<br />
mgr inż. Małgorzata Kiwior – Prezes Zarządu<br />
mgr inż. Nina Kocyan – V-ce Prezes Zarządu,</p>
<p>Od 01 sierpnia 2005r Zarząd był w składzie:<br />
Henryk Piasecki – Prezes Zarządu<br />
mgr Stanisław Jaszczuk – V-ce Prezes Zarządu</p>
<p>Od października 1997r Zarząd pracował w składzie:<br />
inż. Izydor Stochmal – Prezes Zarządu<br />
Henryk Piasecki – V-ce Prezes Zarządu</p>
<p>Pierwszy Zarząd SM „RYF” działał w składzie:<br />
Henryk Piasecki – Prezes Zarządu<br />
mgr Stanisław Jaszczuk – V-ce Prezes Zarządu</p>

<p>Informacje Spółdzielnia Mieszkaniowa &#8222;Ryf&#8221; została założona przez pracowników Rybnickiej Fabryki Maszyn &#8222;Ryfama&#8221; S.A. z siedzibą w Rybniku na bazie przejętych od fabryki mieszkań zakładowych. Wszystkie budynki są zlokalizowane wokół centrum miasta.Spółdzielnia rozpoczęła swoją działalność w1997 roku, jest więc jedną z najmłodszych i zarazem najmniejszą spółdzielnią mieszkaniową na terenie Rybnika. Spółdzielnia administruje 317 lokalami mieszkalnymi, mieszczącymi [&hellip;]</p>
